e greatest common divisor of 65 and x.
13
Suppose -13*p - 20 = -14*p. What is the highest common factor of 180 and p?
20
Let i be 18/1 - (2 - (-7)/7). What is the highest common factor of 15 and i?
15
Suppose -2*l + 7*l = 120. Suppose 3*a = 4*a - 60. What is the highest common factor of l and a?
12
Suppose x = -x - 2*b + 4, 3*b - 6 = -5*x. Suppose x = -2*m - 7 - 11. Let h be (5 + m)/((-1)/10). Calculate the highest common divisor of h and 8.
8
Let m be 4*1*-3*10/(-4). What is the highest common factor of 105 and m?
15
Suppose 4 + 7 = 5*m - 4*w, 2*m + 2*w - 8 = 0. Let p(f) = 24*f. Let x be p(m). Suppose 18 + 9 = 3*l. What is the greatest common divisor of l and x?
9
Suppose -3*s = -56 - 49. What is the highest common factor of s and 7?
7
Let s = -30 - -49. What is the highest common divisor of s and 209?
19
Let t = -6 + 21. What is the greatest common divisor of t and 15?
15
Let v be 687*(-4)/(-24)*2. Let q = v - 69. Calculate the greatest common factor of q and 16.
16
Let c(b) = 2*b**2 + 9*b - 17. Let z be c(-8). Suppose 2*i - i + y = 26, -5*i = 4*y - 130. What is the greatest common divisor of z and i?
13
Let t(r) = 5*r - 4 - 4 - 6 + 6. Let z be t(4). What is the greatest common factor of z and 36?
12
Suppose -4*v + 6 = 3*p, -v - p + 3*p + 7 = 0. Suppose 0 = v*g - 2*g - 11. What is the greatest common divisor of 44 and g?
11
Let t = 8 - 5. Suppose -2*l = -o - 16, -2*l - t*o + 26 = o. Calculate the highest common divisor of 81 and l.
9
Suppose -2*o = 5*s - 21, 5 + 5 = 2*s. Let i be 25*(o + 3) - 1. Let h = 36 - i. What is the greatest common factor of h and 12?
12
Let r be 8/5*(-720)/(-32). What is the highest common factor of r and 24?
12
Suppose 3*q = 5*n + q - 49, -2*n + 20 = -q. Let o be (-10)/(-5) + n + 1. Calculate the highest common divisor of o and 3.
3
Let q = -53 - -89. Let j be (-4256)/(-176) - 2/11. What is the greatest common divisor of j and q?
12
Suppose -4*v + 360 = 5*v. Calculate the highest common factor of 100 and v.
20
Suppose 99 = 4*s + c - 61, 0 = 2*s - 4*c - 98. Suppose 10 = -2*b, 3*k + k = b + s. What is the highest common divisor of 9 and k?
9
Suppose -7*r + 3*r + 5*i + 78 = 0, i - 2 = 0. What is the highest common divisor of 33 and r?
11
Let w = 3 + 26. What is the greatest common factor of w and 29?
29
Let m(r) = r**2 + 4*r - 5. Let w be m(-7). Let i(l) = 4*l**2 + 3*l + 2. Let s be i(-6). What is the highest common factor of w and s?
16
Let p(y) = -4*y**2 - 9*y + 1. Let h be p(-2). Suppose -3*u - 2 - 1 = 0. Let m be (-124)/(-4) - 2/u. What is the greatest common divisor of m and h?
3
Suppose 2*x - 7*x + 10 = 0. Suppose -2*t = -o - 5*t + 14, -x*o - 2*t + 16 = 0. What is the greatest common divisor of o and 40?
5
Let i(q) = -q**2 - 17*q + 2. Let o be i(-10). Calculate the highest common divisor of 18 and o.
18
Let u(j) = -j**2 + 9*j - 5. Let l be u(7). Let t = -3 + l. Suppose 2*a = -t + 24. What is the greatest common divisor of 9 and a?
9
Let i(s) = 2*s**2 + 9*s + 17. Let h be i(-5). Calculate the greatest common divisor of h and 11.
11
Suppose -5*f + 3*t = 8*t - 100, 0 = 2*f - 4*t - 16. Suppose -13*m + 18*m = 10. Calculate the greatest common factor of m and f.
2
Let r = 2 + 4. Let d be 8 - -2*3/r. Calculate the greatest common factor of d and 6.
3
Suppose p = -3*p - 4*x - 20, -8 = -2*x. Let h be ((-6)/4)/(3/(-32)). Let j = p + h. Calculate the greatest common divisor of 35 and j.
7
Let k be 4/((-16)/(-20)) - 6/2. Calculate the highest common factor of k and 6.
2
Suppose -2*d - 132 = -4*x, 2*d - 7 + 75 = 2*x. Let j(n) = 17*n**2 - 1. Let g be j(-1). Calculate the highest common divisor of g and x.
16
Let g(h) = -59*h - 1. Let x = -8 - -6. Let l be x/(1 - (3 + -3)). Let v be g(l). What is the highest common factor of 13 and v?
13
Let k be ((-5)/5)/(3/(-42)). Let m(u) = u - 4. Let t be m(k). Calculate the highest common factor of 15 and t.
5
Let g(t) = -t**2 - 12*t + 3. Let m be g(-9). Let h = m - -15. Let u(y) = y + 2. Let p be u(3). Calculate the highest common divisor of h and p.
5
Suppose 2*q = 0, -q - 181 - 194 = -5*a. Let o = a + -19. What is the greatest common divisor of o and 14?
14
Let s be (0 + -5)/(3/(-45)). Calculate the highest common factor of s and 15.
15
Let f(o) = -o**3 + 9*o**2 + 11*o - 6. Let z be (-3 - 4)/(1/(-1)). Let r be f(z). Let s = 277 - r. What is the highest common factor of s and 12?
12
Suppose 38 = -3*r + 128. Suppose 0 = 2*f + f + n - 25, -4*f + r = 2*n. What is the greatest common divisor of f and 20?
10
Let s be 394 + (2 - 0 - 0). Let j = 594 - s. What is the greatest common factor of 18 and j?
18
Let r(f) = -9*f - 2 - 3 - 3 + 2*f. Let p be r(6). Let q = -20 - p. Calculate the highest common factor of 45 and q.
15
Suppose -5*x = 5, 2*f + 0*x - 21 = x. Let a(o) = o**2 + 4*o + 2. Let c = 3 - 7. Let u be a(c). What is the highest common factor of f and u?
2
Let w be (-15)/(-6)*4/5. Let a be (4/(-5))/((-2)/45). What is the highest common factor of a and w?
2
Let b be (16/(-6))/((-6)/9). Calculate the greatest common divisor of b and 32.
4
Suppose b - 3*w + 12 = -8*w, 3*b = -5*w + 4. What is the highest common divisor of 4 and b?
4
Suppose 8 + 12 = 5*o. Suppose o*q = -q - 15. Let w be q/2*(-3 + 1). Calculate the greatest common factor of w and 1.
1
Suppose 0 = -j - 2, -r - 5*j = 4*r - 60. What is the highest common divisor of 126 and r?
14
Let z = 43 + -38. Suppose 0 = -2*s - 5*d + 35, -5*d = -6*d + 5. Calculate the highest common divisor of z and s.
5
Suppose 3*v - 12 = 2*v. What is the highest common divisor of 1 and v?
1
Suppose -20 = -2*a - 2*a. Suppose z + 3*x = -0*z + 37, 3*z - 97 = a*x. Calculate the greatest common divisor of z and 51.
17
Suppose -4*r - 604 = -4*d, -2*r + 1077 = 5*d + 315. Calculate the highest common divisor of d and 19.
19
Let q(a) = 2*a. Let g be q(-1). Let j be (g - 4/(-2)) + 135. Calculate the greatest common divisor of j and 15.
15
Let d(v) = v**2 - 4*v - 11. Let b be d(7). Suppose -13 = 2*m - 33. Calculate the highest common factor of m and b.
10
Let z be (399/12)/((-1)/(-4)). Calculate the greatest common factor of 7 and z.
7
Suppose -n + 29 = -7. Calculate the greatest common factor of n and 4.
4
Let q be (-8)/10*(-20)/8. Suppose 5*f - 12 = q*f. Suppose f*j = -4*b - b + 87, -5*b + 60 = -5*j. Calculate the highest common divisor of 45 and b.
15
Suppose 0 = 9*s + 10 - 118. What is the highest common factor of s and 9?
3
Let o(x) = -x + 12. Let j be o(7). What is the highest common factor of j and 15?
5
Suppose -12 = -0*z - 3*z. Let f(j) = -3*j - 1. Let x(y) = -8*y**3 + 2*y - 1. Let k be x(1). Let t be f(k). Calculate the highest common factor of t and z.
4
Let q(c) = c**2 + 6*c - 5. Let j be q(-8). Suppose -2*v = -j - 1. Suppose 4*y = -b - 2*b + 24, 0 = -5*b. What is the greatest common divisor of y and v?
6
Suppose 14 + 40 = 9*v. Calculate the greatest common factor of 48 and v.
6
Let z = -15 + 27. Let n = z - 7. Calculate the greatest common divisor of 40 and n.
5
Let k(f) = f**3 - 2. Let p be k(2). Calculate the highest common factor of 12 and p.
6
Let w be (14/49)/((-1)/(-28)). Let h be (-613)/(-4) + (-2)/w. Suppose m + 2 = 19. Calculate the highest common factor of m and h.
17
Let p(r) = -r**2 - 13*r + 6. Let b = -25 - -13. Let i be p(b). Calculate the greatest common divisor of i and 12.
6
Let k(f) = f + 264. Let i be k(0). What is the highest common factor of 24 and i?
24
Suppose 4*h + l - 244 = h, 152 = 2*h - 2*l. Calculate the highest common divisor of h and 10.
10
Let b = 28 - -93. What is the highest common divisor of b and 11?
11
Let u = -143 + 279. Let g(i) = -2*i**3 - 10*i**2 - 7*i - 6. Let y be g(-6). Suppose -y + 40 = -4*p. What is the greatest common divisor of p and u?
17
Let k = -4 - -9. Let q be 3 - (-45 - (2 - k)). What is the greatest common factor of 15 and q?
15
Let a = -9 + 12. Suppose -k + 61 = 4*m, 3*m - 44 = 4*k - a*k. Calculate the highest common divisor of 75 and m.
15
Let x be ((-231)/12)/(2/(-8)). Let q = -18 - x. Let b be (q/(-5))/((-1)/(-7)). What is the greatest common factor of 19 and b?
19
Let d(j) = j**3 - 2*j**2 - 4*j - 3. Let p be d(4). What is the greatest common factor of p and 65?
13
Let j = 72 + -68. What is the greatest common divisor of 4 and j?
4
Let o be 4 + (-1 - 2) - -1. Suppose -d - 5*z + 117 = 0, -d - 2*z